 5*s = -20 - 0. Let g = s + 7. What is the greatest common divisor of g and 6?
3
Let r(m) = 60*m**3 - m**2 + 1. Let z = 10 + -9. Let v be r(z). What is the highest common divisor of v and 24?
12
Let x(b) = -8*b - 1. Let d = -1 - 0. Let a be x(d). Suppose 5*g - 24 = -3*p + 49, 4*p = -3*g + 90. Calculate the highest common factor of a and p.
7
Let a be (15/(-3) + 10)/(2/14). Calculate the greatest common divisor of a and 315.
35
Let a = -26 - -47. Calculate the highest common divisor of a and 168.
21
Suppose -3*k = -3*h + 19 + 2, -h = -2*k - 3. What is the highest common factor of h and 22?
11
Suppose -5*u + 301 = -224. Let l(y) = -y**3 + 5*y**2 - y. Let p be l(3). What is the greatest common divisor of p and u?
15
Let d(j) = -j**3 - 2*j**2 - 3*j + 2. Let r be d(-2). What is the highest common factor of r and 32?
8
Suppose 180 = 2*z + 5*s, 0*z + 4*s + 516 = 5*z. What is the highest common divisor of 20 and z?
20
Suppose 486 + 1010 = 11*t. What is the greatest common factor of 8 and t?
8
Let n(c) = 4*c - 6. Let z be n(4). Suppose 4*o + 9 = 3*f + o, -3 = f - 3*o. Let v(k) = k**2 + 4. Let s be v(f). Calculate the highest common factor of z and s.
10
Let t(q) = -q + 10. Let b be t(9). Suppose 3*y - 5*d - 29 + b = 0, y = 3*d + 4. Let m = 26 - y. Calculate the highest common factor of m and 70.
10
Suppose 0 = -5*b + 13 - 3. Let c be (-1)/((-1)/14) + b. What is the greatest common divisor of c and 80?
16
Let k(t) = -t. Let p(w) = w + 1. Let d(m) = -4*k(m) + p(m). Let u be d(-1). Let c(x) = -20*x. Let a be c(u). What is the highest common factor of 16 and a?
16
Suppose -475 = 64*s - 69*s. What is the greatest common factor of s and 5?
5
Let k be ((-4)/5)/((-12)/60). Suppose k*u - 2*o - 14 = 0, 3*u + 4*o + 0 - 5 = 0. Calculate the greatest common factor of u and 24.
3
Let t be (-65)/(-26)*2*1. What is the greatest common factor of t and 10?
5
Let x(o) be the second derivative of -19/3*o**3 + o + 0 - o**2. Let p be x(-3). Calculate the greatest common divisor of p and 14.
14
Let l(a) = 8*a**3 + a. Let k be l(1). Calculate the highest common factor of 3 and k.
3
Let d(o) = o**3 - 11*o**2 + 11*o - 1. Let t be d(12). What is the greatest common factor of 25 and t?
25
Suppose j = -7*z + 3*z + 16, -2*z = -8. Suppose 0 = 3*o - 3, v + j*o - 5*o - 33 = 0. What is the greatest common factor of 57 and v?
19
Let z = -9 + 18. Let s(o) = 5*o**2 - 2*o - 1. Let r be s(-1). Calculate the greatest common factor of z and r.
3
Let u = 1 + 2. Suppose -3*k = 3*h, -5*h - u*k = -0*k. Suppose -z - 2 + 26 = h. What is the highest common factor of 16 and z?
8
Let y(m) = -m**3 - 13*m**2 + 12*m - 16. Let t be y(-14). What is the greatest common divisor of 28 and t?
4
Suppose -3*p + 224 = p. Calculate the greatest common factor of 84 and p.
28
Suppose -53 = -2*o - 11. Let s(g) = -3*g. Let w be s(-1). Calculate the highest common factor of o and w.
3
Let d(s) = -2*s + 7. Let t be d(6). Let g be 2/t - 522/(-5). Let x = 0 - -13. What is the greatest common factor of g and x?
13
Suppose -24 = -z + 26. What is the highest common factor of 20 and z?
10
Let j be (-214)/(-14) + 4/(-14). Let r be (-1 + 1)/(16/(-8)). Let w = j - r. Calculate the highest common divisor of w and 105.
15
Suppose 15*s = -s + 2496. Calculate the greatest common divisor of 12 and s.
12
Let o(h) = h**2 - h + 1. Let y be (2 + -6 + 1)*1. Let v be o(y). What is the greatest common divisor of 117 and v?
13
Let r be (0 - -1) + (9 - 8). What is the highest common factor of 3 and r?
1
Suppose 0 = -w - w + 3*r + 12, 2*w = -2*r + 2. Suppose 2*q - 1 = w. Suppose 12 + 36 = q*s. Calculate the greatest common factor of s and 4.
4
Let s = 78 + -52. Calculate the highest common divisor of 286 and s.
26
Let m = -147 + 364. What is the greatest common divisor of m and 31?
31
Suppose 2*k + 0*x - 3*x = 4, 0 = 4*k - 3*x - 8. Suppose 0 = -k*b + 4*b - 6. Let g(w) = 8*w + 1. Let c be g(b). Calculate the greatest common divisor of c and 5.
5
Suppose -4 = 2*h - 22. Let i be 11/(-9) + (-10)/(-45). Let s(d) = 100*d**2 - 1. Let q be s(i). What is the greatest common factor of q and h?
9
Let x(a) = -a**3 + a. Let l(p) = 5*p**3 - p**2 + 1. Let b(g) = l(g) + 2*x(g). Let z be b(2). What is the highest common divisor of z and 5?
5
Suppose 4*o + 5*j - 123 = 0, -4*o + j = 16 - 121. Calculate the highest common factor of o and 81.
27
Let a = 46 - 18. What is the highest common factor of a and 7?
7
Let k = -147 - -161. Let f = 20 + 8. What is the highest common factor of f and k?
14
Suppose -5*l + 24 = -r, 2*l - 2*r - r - 7 = 0. Suppose -3*m + 72 = d, l*m + 324 = 5*d + 2*m. Let o = -31 - -75. What is the highest common factor of o and d?
22
Let i = 15 + 0. What is the greatest common factor of i and 75?
15
Let x be (-7)/(21/2)*(-153)/6. Calculate the greatest common factor of 119 and x.
17
Let k = -6 + 11. Let i = -9 - -15. Let q(x) = x**2 - x - 5. Let f be q(i). What is the greatest common factor of k and f?
5
Suppose -6 = -h + 10. Suppose 0 = 5*z - 3*p - 197, 0*z + z - 38 = 2*p. Calculate the highest common divisor of z and h.
8
Suppose 5*b + 2*t = 71, t = -3*t + 12. Calculate the highest common divisor of b and 52.
13
Let q be (-12)/78 - 1330/(-26). What is the greatest common factor of 357 and q?
51
Let p = -171 + 195. Let z be 5*2*(-8)/(-10). Calculate the greatest common factor of p and z.
8
Suppose 0 = -6*z + z + 45. Let y(b) = 98*b**3 + b**2 + b - 1. Let v be y(1). Calculate the highest common factor of v and z.
9
Let c = 0 + 0. Let b be (108/(-15) - c)*-5. What is the greatest common factor of 12 and b?
12
Let p be (-26)/143 + 2059/11. What is the highest common divisor of 11 and p?
11
Let b be -1 - ((-36)/4 - 4). What is the highest common factor of 42 and b?
6
Suppose -39 = -z - 3*f, -3*z - 5*f - 37 + 142 = 0. Calculate the highest common divisor of 12 and z.
6
Suppose 2*n + 4*v = 668, -4*v + v + 6 = 0. Suppose 0 = -f - f + n. Calculate the highest common factor of f and 15.
15
Let c(j) = 2*j - 9. Suppose 40 = 5*d - 3*f + f, -3*f - 5 = -2*d. Let h be c(d). Calculate the highest common factor of 11 and h.
11
Suppose 0 = 5*r - 11*r - 12. Let x = r - -25. What is the greatest common factor of x and 23?
23
Suppose 3*c = 6*c - 240. What is the greatest common divisor of 16 and c?
16
Suppose -w = 3*w + 12. Let j = w + 12. Calculate the greatest common factor of j and 3.
3
Let w = 0 + 0. Suppose 3*y - 8*y - n + 12 = 0, w = -5*y - 5*n. Suppose 24 = j + y*j. What is the greatest common divisor of 15 and j?
3
Let f be ((-1)/(-2))/(1/94). Let k = f + -23. Calculate the highest common factor of 3 and k.
3
Suppose 0*q - 594 = -3*q. What is the greatest common factor of 18 and q?
18
Suppose -2*l = -0*l - 4. Suppose 108 = l*y + y. Calculate the highest common divisor of y and 4.
4
Let k(o) = -o**3 + 4*o**2 - 5*o + 4. Let t be k(2). Calculate the highest common factor of t and 18.
2
Let k(g) = 4*g**2 - 4*g + 2. Let p be k(2). Calculate the greatest common divisor of 1 and p.
1
Suppose -3*n + 8*n = q + 134, -n - 2*q + 18 = 0. Let r(d) = -d**2 + 16*d + 5. Let u be r(10). What is the highest common divisor of u and n?
13
Suppose 0*d = d - 4. Let w(c) = -8*c + 4. Let u be w(d). Let q = 43 + u. What is the greatest common factor of q and 60?
15
Let m be -1 - (14*-1 - 0). What is the highest common factor of 104 and m?
13
Let n = 12 + -17. Suppose 32*i + 24 = 36*i. Let h = n + i. Calculate the greatest common factor of 1 and h.
1
Let o = -6 - 11. Let y(q) = -q + 25. Let t be y(0). Let s = t + o. What is the greatest common factor of 56 and s?
8
Let b = 37 + -25. Suppose -j + 21 = -b. Suppose -5*n + 6 + 9 = 0. Calculate the highest common divisor of j and n.
3
Let n be (-8)/(-10)*(-25)/(-2). Suppose 0 = 3*a - 446 + 116. What is the greatest common divisor of a and n?
10
Let h be 77*(6 + -2 - 3). Suppose -4*u + h = -19. Calculate the highest common factor of 3 and u.
3
Suppose 2*l - 10*l + 200 = 0. Calculate the greatest common divisor of 400 and l.
25
Suppose v + 3*m = -9 + 1, -4*m = 2*v + 8. Suppose -2*x = -v*p + 290, p - x = -3*p + 285. What is the greatest common divisor of p and 28?
14
Suppose 0*s + 100 = 5*s. Let f be (-460)/(-30)*6/4. Suppose -2*g - 2*n = -44, -g = 4*n - f - 5. Calculate the greatest common factor of s and g.
20
Suppose 0 = -5*m - 34*m +